 3, 2*s + 2*s = -4*v + 36. Calculate the remainder when v is divided by q.
2
Calculate the remainder when 103 is divided by (-480)/72*27/(-5).
31
Let m = -508 + 582. Calculate the remainder when m is divided by 25.
24
Suppose -d + 100 = 3*k, 9*d = 5*k + 10*d - 170. Calculate the remainder when 163 is divided by k.
23
Suppose -w + 2*w = 3. Let p(i) = 10*i + 12. Let a be p(-5). Let h = a - -48. Calculate the remainder when h is divided by w.
1
Suppose 2*z - 7*h = 1023, -1038 = -5*z + 3*z + 2*h. Calculate the remainder when z is divided by 131.
129
Let y(r) = -5*r**3 - 3*r + 6. What is the remainder when y(-4) is divided by 20?
18
Suppose -4*w = -8 - 4. Let l(i) = i + 6. Calculate the remainder when 25 is divided by l(w).
7
Suppose 0 = 2*z - 23*z + 294. What is the remainder when 51 is divided by z?
9
Suppose 0 = -169*z + 161*z + 344. What is the remainder when z is divided by 12?
7
Let r(x) be the third derivative of -x**4/6 - 25*x**3/3 + 16*x**2. Calculate the remainder when 148 is divided by r(-20).
28
Suppose -r = -0*r - 3*i - 2, 2*i - 4 = -2*r. Suppose 5*o - 136 = 3*q, 1 + 5 = r*q. What is the remainder when 111 is divided by o?
24
Let h = 2604 + -2288. What is the remainder when h is divided by 47?
34
What is the remainder when -1*((-1157)/11 - (-16)/88) is divided by 51?
3
Let r = 256 + -120. Calculate the remainder when r is divided by 23.
21
Suppose -12 = -2*p + 8. Suppose 4*g - 27 = 5. Suppose -2*w - 2*l + 5 = -w, -g = -2*w - 2*l. Calculate the remainder when p is divided by w.
1
Suppose 4165 + 608 = 111*o. What is the remainder when 78 is divided by o?
35
Let n = -364 - -415. What is the remainder when 182 is divided by n?
29
Let n(u) = u**2 + 2*u. Let b = 37 - 35. What is the remainder when n(-4) is divided by b?
0
Let u = 39 - 39. Suppose -4*c - c + 40 = u. Calculate the remainder when 3*(-2 + 9) + 2 is divided by c.
7
Suppose -6*v - 5*c = -2*v - 1067, 3*v - 805 = c. Suppose -5*o + v - 3 = 0. What is the remainder when o is divided by 7?
4
Suppose -210 = -10*q + 5*q. Let z = q + -24. Calculate the remainder when 33 is divided by z.
15
Let t = -1076 - -1120. Suppose 3*j - 2*u = 8, -3*j = -2*u - u - 6. Suppose i - s - 40 = j*s, 3*s = -15. What is the remainder when t is divided by i?
14
Suppose 0 = -9*x + 10*x + 201. Let c = x + 324. What is the remainder when c is divided by 21?
18
Suppose 108 - 408 = 5*w. Calculate the remainder when 504/w*15/(-2) is divided by 22.
19
Suppose 0 = -5*h - 25, -290 = -2*y - 3*h + 101. Calculate the remainder when y is divided by 41.
39
Let c(b) = -13*b - 6. Let h be ((-10)/(-3))/(2/24). Let r = -15 + h. What is the remainder when c(-8) is divided by r?
23
Let d(v) = v**3 - 11*v**2 + 4*v - 1. What is the remainder when d(11) is divided by 22?
21
Calculate the remainder when 56 is divided by (-10)/(-4) + (-225)/(-18).
11
What is the remainder when (1829/(-62)*2*1)/(-1) is divided by 39?
20
Suppose 12 = 3*u, 0 = 5*m + 5*u - 199 - 376. Calculate the remainder when m is divided by 8.
7
Calculate the remainder when ((-688)/(-96))/((4/24)/1) is divided by 6.
1
Let f = 66 + -108. Let p = f - -52. Suppose 4*g + 3*v = 122, 5*g + 4*v - 168 = -15. Calculate the remainder when g is divided by p.
9
Suppose 9*a = 12*a - 15. Suppose a*t - 58 = d, 4*d = 2*t + d - 31. Let r = 43 + -12. What is the remainder when r is divided by t?
9
Suppose 0*a + 4*a + s - 237 = 0, -101 = -2*a + 3*s. What is the remainder when 347 is divided by a?
57
Suppose -5*s - 36 = -17*s. What is the remainder when 8 is divided by s?
2
Let l = 103 + -73. What is the remainder when 76 is divided by l?
16
Calculate the remainder when 250 is divided by -2*((-8)/5)/(4/80).
58
Suppose 0 = 3*a + q - 119, 0 = 3*q - 5*q + 4. Suppose 0 = 3*p - 0*p - 3*x - 18, 8 = 2*x. Calculate the remainder when a is divided by p.
9
Suppose -4*d + 43*f + 14 = 45*f, -5*d + 15 = 5*f. Let m = -36 + 59. Calculate the remainder when m is divided by d.
3
Calculate the remainder when 245 is divided by (-10)/(-4) - 7276/(-136).
21
Let p = 16 - 13. Suppose -4*r + 1865 = -p*c, -5*c = r - 3*r + 929. Suppose 181 = 8*d - r. Calculate the remainder when d is divided by 21.
18
Suppose -2*t + 2*g = 6*g + 24, 0 = -2*t - 5*g - 29. Let r(m) be the first derivative of 10*m**3/3 - 273. Calculate the remainder when 77 is divided by r(t).
37
Let o = -30 + 60. What is the remainder when 18 is divided by 13/(-26) - o/(-4)?
4
Suppose 76*b - 94 = -3*v + 75*b, 2*b = 4*v - 132. Calculate the remainder when 59 is divided by v.
27
Suppose -25*t + 445 = -1080. Suppose 37 + 78 = 5*s. Calculate the remainder when t is divided by s.
15
Let x = -10 - -16. Calculate the remainder when (-10 - 0)*10/(-4) - -2 is divided by x.
3
Suppose -125 = -4*u - 1. Suppose -l = -u + 13. Calculate the remainder when (-6)/(-27) + (-457)/(-9) is divided by l.
15
Let d(m) = -6*m - 36. Let c = 1 - -3. What is the remainder when (11/(-2))/(c/(-16)) is divided by d(-7)?
4
Let s be (-3)/(-2) - 186/4. Calculate the remainder when 15/((s/(-10))/9) is divided by 16.
14
Let c = -63 - -112. What is the remainder when c is divided by 100/(-12)*(-12)/10?
9
Suppose 3*z + 8*x = 11*x + 6, -z + 4*x = -11. Let a be (-3 - -1)*(-33)/6. Let k = a - z. Calculate the remainder when 46 is divided by k.
10
Suppose 87*c = 110*c - 184. Calculate the remainder when 141 is divided by c.
5
Let w = -136 - -151. Suppose 4*i = -2*t + 2*i + 40, -i = -t + 24. Let x = t - w. What is the remainder when 20 is divided by x?
6
Let r = -48 + 137. Suppose 0 = -5*d - 2*u + 496, -d + u + 2*u + r = 0. Calculate the remainder when d is divided by 25.
23
What is the remainder when (-19544)/(-504) + (-2)/(-9) is divided by (-2)/(-4) + 19/2?
9
Suppose b = 6*b - 100. Suppose 0 = 3*x + 5 - 20, 4*x = -5*n + 370. Calculate the remainder when n is divided by b.
10
Suppose -d + 16 = -0*d. Calculate the remainder when (-1)/(-4) - 3/(12/(-179)) is divided by d.
13
Let s(k) = -k**2 + 40*k - 92. Suppose -31 = 5*x + 24. Let z = 10 - x. Calculate the remainder when s(35) is divided by z.
20
Let i = 64 - -39. Let h(t) = -2*t**3 + 17*t**2 + 10*t + 12. What is the remainder when i is divided by h(9)?
19
Let b(p) = -6*p - 7. Let u be b(-7). Suppose -2*h + 4*f + 26 = 0, -5*h + 30 + u = -2*f. Let g = 50 - h. Calculate the remainder when g is divided by 19.
18
Calculate the remainder when 131 is divided by 99/110*-6*-5.
23
Let q = 1492 + -448. Calculate the remainder when q is divided by 55.
54
Let h = -206 - 41. Let l = -124 - h. Suppose 0 = -8*c + 13*c - 155. Calculate the remainder when l is divided by c.
30
Suppose s - 12 = -4*b, 3*b - b + 2*s = 0. Suppose -j - 6*o + 2*o + 49 = 0, -b*j + 208 = 4*o. What is the remainder when j is divided by 27?
26
Let p(a) = 2*a + 27. Let g be p(-11). Suppose g*v - 37 - 43 = 0. Let k = v + 18. Calculate the remainder when k is divided by 9.
7
Let s(y) = -y**3 + 60*y**2 + 71*y + 19. What is the remainder when s(61) is divided by 63?
62
Suppose z - 3*z = -4. Let p(v) = 1 + 0*v - 3 + 8*v**z + 4*v + 1 + v**3. What is the remainder when p(-4) is divided by 16?
15
Let l be 250/3 + 2/(-6). Let p = 153 - l. Suppose 8*o + 3*b = 3*o + p, b - 28 = -2*o. Calculate the remainder when o is divided by 4.
2
Suppose 0 = 4*w - 8, 2*m + 0*m - 8 = -w. Suppose -4*g + 2*s = -2, 0 = -g + m*s - 0*s - 7. What is the remainder when 4 is divided by g?
0
Suppose 6*k = 364 + 176. Calculate the remainder when k is divided by 23.
21
Let q = 77 - 67. Let a(i) = i**2 + 4*i - 1. Let r be (-2 - 4)/3 - 3. What is the remainder when q is divided by a(r)?
2
Suppose 0 = x + 11 - 17. Suppose -x*q = 290 - 740. What is the remainder when q is divided by (-1 + -2 + 16)*2?
23
Let v(c) = 30*c + 3. Let y = -6 - -7. Let z = 37 - 25. Calculate the remainder when v(y) is divided by z.
9
Let q = -325 - -547. Calculate the remainder when q is divided by 25.
22
Let u be 119 - ((-6)/2 - 1). Suppose 3*g + l - u = -2*l, -g = 3*l - 33. Calculate the remainder when g is divided by 16.
13
Suppose 2*k - 58 = 4*b, 0 = 2*k + 4*b + b - 40. What is the remainder when 398 is divided by k?
23
Let n(x) = -2*x + 77. What is the remainder when n(6) is divided by 62?
3
Let p = -263 + 322. Calculate the remainder when p is divided by 7.
3
Let f = -250 + 446. Let t = f + -85. What is the remainder when t is divided by 28